{"id":971,"date":"2023-02-02T18:28:57","date_gmt":"2023-02-02T17:28:57","guid":{"rendered":"https:\/\/constanceluzzati.com\/?page_id=971"},"modified":"2023-02-02T22:22:17","modified_gmt":"2023-02-02T21:22:17","slug":"guides-decoute-2","status":"publish","type":"page","link":"https:\/\/constanceluzzati.com\/index.php\/guides-decoute-2\/","title":{"rendered":"Guides d&rsquo;\u00e9coute"},"content":{"rendered":"\n<h2 class=\"wp-block-heading\"><a href=\"https:\/\/constanceluzzati.com\/index.php\/guides-decoute\/\">Rameau<\/a><\/h2>\n\n\n\n<p><\/p>\n\n\n\n<div style=\"height:20px\" aria-hidden=\"true\" class=\"wp-block-spacer\"><\/div>\n\n\n\n<h2 class=\"wp-block-heading\">Danse avec les lutins d&rsquo;Henriette<\/h2>\n\n\n\n<figure class=\"wp-block-image size-large\"><a href=\"https:\/\/constanceluzzati.com\/index.php\/2020\/12\/22\/danse-avec-les-lutins-dhenriette-renie\/\"><img loading=\"lazy\" decoding=\"async\" width=\"1024\" height=\"752\" src=\"https:\/\/constanceluzzati.com\/wp-content\/uploads\/2023\/02\/Capture-decran-2023-02-02-a-18.11.30-1024x752.png\" alt=\"\" class=\"wp-image-972\" srcset=\"https:\/\/constanceluzzati.com\/wp-content\/uploads\/2023\/02\/Capture-decran-2023-02-02-a-18.11.30-1024x752.png 1024w, https:\/\/constanceluzzati.com\/wp-content\/uploads\/2023\/02\/Capture-decran-2023-02-02-a-18.11.30-300x220.png 300w, https:\/\/constanceluzzati.com\/wp-content\/uploads\/2023\/02\/Capture-decran-2023-02-02-a-18.11.30-768x564.png 768w, https:\/\/constanceluzzati.com\/wp-content\/uploads\/2023\/02\/Capture-decran-2023-02-02-a-18.11.30-600x441.png 600w, https:\/\/constanceluzzati.com\/wp-content\/uploads\/2023\/02\/Capture-decran-2023-02-02-a-18.11.30.png 1514w\" sizes=\"(max-width: 1024px) 100vw, 1024px\" \/><\/a><\/figure>\n\n\n\n<div style=\"height:20px\" aria-hidden=\"true\" class=\"wp-block-spacer\"><\/div>\n\n\n\n<h2 class=\"wp-block-heading\">Enqu\u00eate au coeur d&rsquo;Erlk\u00f6nig de Schubert, chevauch\u00e9e fantastique<\/h2>\n\n\n\n<figure class=\"wp-block-image size-large is-resized\"><a href=\"https:\/\/constanceluzzati.com\/index.php\/2020\/10\/20\/enquete-au-coeur-derlkonig-de-schubert-chevauchee-fantastique\/\"><img loading=\"lazy\" decoding=\"async\" src=\"https:\/\/constanceluzzati.com\/wp-content\/uploads\/2023\/02\/Capture-decran-2023-02-02-a-18.15.27-1024x703.png\" alt=\"\" class=\"wp-image-973\" width=\"1024\" height=\"703\" srcset=\"https:\/\/constanceluzzati.com\/wp-content\/uploads\/2023\/02\/Capture-decran-2023-02-02-a-18.15.27-1024x703.png 1024w, https:\/\/constanceluzzati.com\/wp-content\/uploads\/2023\/02\/Capture-decran-2023-02-02-a-18.15.27-300x206.png 300w, https:\/\/constanceluzzati.com\/wp-content\/uploads\/2023\/02\/Capture-decran-2023-02-02-a-18.15.27-768x527.png 768w, https:\/\/constanceluzzati.com\/wp-content\/uploads\/2023\/02\/Capture-decran-2023-02-02-a-18.15.27-600x412.png 600w, https:\/\/constanceluzzati.com\/wp-content\/uploads\/2023\/02\/Capture-decran-2023-02-02-a-18.15.27.png 1456w\" sizes=\"(max-width: 1024px) 100vw, 1024px\" \/><\/a><\/figure>\n\n\n\n<div style=\"height:30px\" aria-hidden=\"true\" class=\"wp-block-spacer\"><\/div>\n\n\n\n<h2 class=\"wp-block-heading\">Gottes Zeit (BWV 106, artus tragicus)<\/h2>\n\n\n\n<figure class=\"wp-block-image size-large\"><a href=\"https:\/\/constanceluzzati.com\/index.php\/2019\/04\/03\/gottes-zeit-ist-der-allerbeste-zeit-actus-tragicus\/\"><img loading=\"lazy\" decoding=\"async\" width=\"1024\" height=\"647\" src=\"https:\/\/constanceluzzati.com\/wp-content\/uploads\/2023\/02\/Capture-decran-2023-02-02-a-18.16.55-1024x647.png\" alt=\"\" class=\"wp-image-974\" srcset=\"https:\/\/constanceluzzati.com\/wp-content\/uploads\/2023\/02\/Capture-decran-2023-02-02-a-18.16.55-1024x647.png 1024w, https:\/\/constanceluzzati.com\/wp-content\/uploads\/2023\/02\/Capture-decran-2023-02-02-a-18.16.55-300x189.png 300w, https:\/\/constanceluzzati.com\/wp-content\/uploads\/2023\/02\/Capture-decran-2023-02-02-a-18.16.55-768x485.png 768w, https:\/\/constanceluzzati.com\/wp-content\/uploads\/2023\/02\/Capture-decran-2023-02-02-a-18.16.55-1536x970.png 1536w, https:\/\/constanceluzzati.com\/wp-content\/uploads\/2023\/02\/Capture-decran-2023-02-02-a-18.16.55-2048x1293.png 2048w, https:\/\/constanceluzzati.com\/wp-content\/uploads\/2023\/02\/Capture-decran-2023-02-02-a-18.16.55-600x379.png 600w\" sizes=\"(max-width: 1024px) 100vw, 1024px\" \/><\/a><\/figure>\n\n\n\n<div style=\"height:20px\" aria-hidden=\"true\" class=\"wp-block-spacer\"><\/div>\n\n\n\n<h2 class=\"wp-block-heading\">Frescobaldi, Cento partite sopra passacagli<\/h2>\n\n\n\n<figure class=\"wp-block-image size-full\"><a href=\"https:\/\/constanceluzzati.com\/index.php\/2019\/04\/03\/frescobaldi-cento-partite-sopra-passacagli\/\"><img loading=\"lazy\" decoding=\"async\" width=\"467\" height=\"539\" src=\"https:\/\/constanceluzzati.com\/wp-content\/uploads\/2019\/04\/cento-partite.gif\" alt=\"\" class=\"wp-image-239\"\/><\/a><\/figure>\n","protected":false},"excerpt":{"rendered":"<p>Rameau Danse avec les lutins d&rsquo;Henriette Enqu\u00eate au coeur d&rsquo;Erlk\u00f6nig de Schubert, chevauch\u00e9e fantastique Gottes Zeit (BWV 106, artus tragicus) [&hellip;]<\/p>\n","protected":false},"author":1,"featured_media":0,"parent":0,"menu_order":0,"comment_status":"closed","ping_status":"closed","template":"","meta":{"_uag_custom_page_level_css":"","_monsterinsights_skip_tracking":false,"_monsterinsights_sitenote_active":false,"_monsterinsights_sitenote_note":"","_monsterinsights_sitenote_category":0,"site-sidebar-layout":"default","site-content-layout":"","ast-site-content-layout":"","site-content-style":"default","site-sidebar-style":"default","ast-global-header-display":"","ast-banner-title-visibility":"","ast-main-header-display":"","ast-hfb-above-header-display":"","ast-hfb-below-header-display":"","ast-hfb-mobile-header-display":"","site-post-title":"","ast-breadcrumbs-content":"","ast-featured-img":"","footer-sml-layout":"","theme-transparent-header-meta":"","adv-header-id-meta":"","stick-header-meta":"","header-above-stick-meta":"","header-main-stick-meta":"","header-below-stick-meta":"","astra-migrate-meta-layouts":"default","ast-page-background-enabled":"default","ast-page-background-meta":{"desktop":{"background-color":"var(--ast-global-color-4)","background-image":"","background-repeat":"repeat","background-position":"center center","background-size":"auto","background-attachment":"scroll","background-type":"","background-media":"","overlay-type":"","overlay-color":"","overlay-opacity":"","overlay-gradient":""},"tablet":{"background-color":"","background-image":"","background-repeat":"repeat","background-position":"center center","background-size":"auto","background-attachment":"scroll","background-type":"","background-media":"","overlay-type":"","overlay-color":"","overlay-opacity":"","overlay-gradient":""},"mobile":{"background-color":"","background-image":"","background-repeat":"repeat","background-position":"center center","background-size":"auto","background-attachment":"scroll","background-type":"","background-media":"","overlay-type":"","overlay-color":"","overlay-opacity":"","overlay-gradient":""}},"ast-content-background-meta":{"desktop":{"background-color":"var(--ast-global-color-5)","background-image":"","background-repeat":"repeat","background-position":"center center","background-size":"auto","background-attachment":"scroll","background-type":"","background-media":"","overlay-type":"","overlay-color":"","overlay-opacity":"","overlay-gradient":""},"tablet":{"background-color":"var(--ast-global-color-5)","background-image":"","background-repeat":"repeat","background-position":"center center","background-size":"auto","background-attachment":"scroll","background-type":"","background-media":"","overlay-type":"","overlay-color":"","overlay-opacity":"","overlay-gradient":""},"mobile":{"background-color":"var(--ast-global-color-5)","background-image":"","background-repeat":"repeat","background-position":"center center","background-size":"auto","background-attachment":"scroll","background-type":"","background-media":"","overlay-type":"","overlay-color":"","overlay-opacity":"","overlay-gradient":""}},"footnotes":""},"class_list":["post-971","page","type-page","status-publish","hentry"],"yoast_head":"<!-- This site is optimized with the Yoast SEO plugin v25.2 - https:\/\/yoast.com\/wordpress\/plugins\/seo\/ -->\n<title>Guides d&#039;\u00e9coute - Constance Luzzati<\/title>\n<meta name=\"description\" content=\"guides d&#039;\u00e9coute interactifs : n\u00e9ophyte ou connaisseur, naviguez dans les partitions pour d\u00e9couvrir les oeuvres sous toutes leurs coutures\" \/>\n<meta name=\"robots\" content=\"index, follow, max-snippet:-1, max-image-preview:large, max-video-preview:-1\" \/>\n<link rel=\"canonical\" href=\"https:\/\/constanceluzzati.com\/index.php\/guides-decoute-2\/\" \/>\n<meta property=\"og:locale\" content=\"fr_FR\" \/>\n<meta property=\"og:type\" content=\"article\" \/>\n<meta property=\"og:title\" content=\"Guides d&#039;\u00e9coute - Constance Luzzati\" \/>\n<meta property=\"og:description\" content=\"guides d&#039;\u00e9coute interactifs : n\u00e9ophyte ou connaisseur, naviguez dans les partitions pour d\u00e9couvrir les oeuvres sous toutes leurs coutures\" \/>\n<meta property=\"og:url\" content=\"https:\/\/constanceluzzati.com\/index.php\/guides-decoute-2\/\" \/>\n<meta property=\"og:site_name\" content=\"Constance Luzzati\" \/>\n<meta property=\"article:modified_time\" content=\"2023-02-02T21:22:17+00:00\" \/>\n<meta property=\"og:image\" content=\"https:\/\/constanceluzzati.com\/wp-content\/uploads\/2023\/02\/Capture-decran-2023-02-02-a-18.11.30-1024x752.png\" \/>\n<meta name=\"twitter:card\" content=\"summary_large_image\" \/>\n<meta name=\"twitter:label1\" content=\"Dur\u00e9e de lecture estim\u00e9e\" \/>\n\t<meta name=\"twitter:data1\" content=\"1 minute\" \/>\n<script type=\"application\/ld+json\" class=\"yoast-schema-graph\">{\"@context\":\"https:\/\/schema.org\",\"@graph\":[{\"@type\":\"WebPage\",\"@id\":\"https:\/\/constanceluzzati.com\/index.php\/guides-decoute-2\/\",\"url\":\"https:\/\/constanceluzzati.com\/index.php\/guides-decoute-2\/\",\"name\":\"Guides d'\u00e9coute - Constance Luzzati\",\"isPartOf\":{\"@id\":\"https:\/\/constanceluzzati.com\/#website\"},\"primaryImageOfPage\":{\"@id\":\"https:\/\/constanceluzzati.com\/index.php\/guides-decoute-2\/#primaryimage\"},\"image\":{\"@id\":\"https:\/\/constanceluzzati.com\/index.php\/guides-decoute-2\/#primaryimage\"},\"thumbnailUrl\":\"https:\/\/constanceluzzati.com\/wp-content\/uploads\/2023\/02\/Capture-decran-2023-02-02-a-18.11.30-1024x752.png\",\"datePublished\":\"2023-02-02T17:28:57+00:00\",\"dateModified\":\"2023-02-02T21:22:17+00:00\",\"description\":\"guides d'\u00e9coute interactifs : n\u00e9ophyte ou connaisseur, naviguez dans les partitions pour d\u00e9couvrir les oeuvres sous toutes leurs coutures\",\"breadcrumb\":{\"@id\":\"https:\/\/constanceluzzati.com\/index.php\/guides-decoute-2\/#breadcrumb\"},\"inLanguage\":\"fr-FR\",\"potentialAction\":[{\"@type\":\"ReadAction\",\"target\":[\"https:\/\/constanceluzzati.com\/index.php\/guides-decoute-2\/\"]}]},{\"@type\":\"ImageObject\",\"inLanguage\":\"fr-FR\",\"@id\":\"https:\/\/constanceluzzati.com\/index.php\/guides-decoute-2\/#primaryimage\",\"url\":\"https:\/\/constanceluzzati.com\/wp-content\/uploads\/2023\/02\/Capture-decran-2023-02-02-a-18.11.30.png\",\"contentUrl\":\"https:\/\/constanceluzzati.com\/wp-content\/uploads\/2023\/02\/Capture-decran-2023-02-02-a-18.11.30.png\",\"width\":1514,\"height\":1112},{\"@type\":\"BreadcrumbList\",\"@id\":\"https:\/\/constanceluzzati.com\/index.php\/guides-decoute-2\/#breadcrumb\",\"itemListElement\":[{\"@type\":\"ListItem\",\"position\":1,\"name\":\"Home\",\"item\":\"https:\/\/constanceluzzati.com\/\"},{\"@type\":\"ListItem\",\"position\":2,\"name\":\"Guides d&rsquo;\u00e9coute\"}]},{\"@type\":\"WebSite\",\"@id\":\"https:\/\/constanceluzzati.com\/#website\",\"url\":\"https:\/\/constanceluzzati.com\/\",\"name\":\"Constance Luzzati\",\"description\":\"harpiste, musicologue\",\"potentialAction\":[{\"@type\":\"SearchAction\",\"target\":{\"@type\":\"EntryPoint\",\"urlTemplate\":\"https:\/\/constanceluzzati.com\/?s={search_term_string}\"},\"query-input\":{\"@type\":\"PropertyValueSpecification\",\"valueRequired\":true,\"valueName\":\"search_term_string\"}}],\"inLanguage\":\"fr-FR\"}]}<\/script>\n<!-- \/ Yoast SEO plugin. -->","yoast_head_json":{"title":"Guides d'\u00e9coute - Constance Luzzati","description":"guides d'\u00e9coute interactifs : n\u00e9ophyte ou connaisseur, naviguez dans les partitions pour d\u00e9couvrir les oeuvres sous toutes leurs coutures","robots":{"index":"index","follow":"follow","max-snippet":"max-snippet:-1","max-image-preview":"max-image-preview:large","max-video-preview":"max-video-preview:-1"},"canonical":"https:\/\/constanceluzzati.com\/index.php\/guides-decoute-2\/","og_locale":"fr_FR","og_type":"article","og_title":"Guides d'\u00e9coute - Constance Luzzati","og_description":"guides d'\u00e9coute interactifs : n\u00e9ophyte ou connaisseur, naviguez dans les partitions pour d\u00e9couvrir les oeuvres sous toutes leurs coutures","og_url":"https:\/\/constanceluzzati.com\/index.php\/guides-decoute-2\/","og_site_name":"Constance Luzzati","article_modified_time":"2023-02-02T21:22:17+00:00","og_image":[{"url":"https:\/\/constanceluzzati.com\/wp-content\/uploads\/2023\/02\/Capture-decran-2023-02-02-a-18.11.30-1024x752.png","type":"","width":"","height":""}],"twitter_card":"summary_large_image","twitter_misc":{"Dur\u00e9e de lecture estim\u00e9e":"1 minute"},"schema":{"@context":"https:\/\/schema.org","@graph":[{"@type":"WebPage","@id":"https:\/\/constanceluzzati.com\/index.php\/guides-decoute-2\/","url":"https:\/\/constanceluzzati.com\/index.php\/guides-decoute-2\/","name":"Guides d'\u00e9coute - Constance Luzzati","isPartOf":{"@id":"https:\/\/constanceluzzati.com\/#website"},"primaryImageOfPage":{"@id":"https:\/\/constanceluzzati.com\/index.php\/guides-decoute-2\/#primaryimage"},"image":{"@id":"https:\/\/constanceluzzati.com\/index.php\/guides-decoute-2\/#primaryimage"},"thumbnailUrl":"https:\/\/constanceluzzati.com\/wp-content\/uploads\/2023\/02\/Capture-decran-2023-02-02-a-18.11.30-1024x752.png","datePublished":"2023-02-02T17:28:57+00:00","dateModified":"2023-02-02T21:22:17+00:00","description":"guides d'\u00e9coute interactifs : n\u00e9ophyte ou connaisseur, naviguez dans les partitions pour d\u00e9couvrir les oeuvres sous toutes leurs coutures","breadcrumb":{"@id":"https:\/\/constanceluzzati.com\/index.php\/guides-decoute-2\/#breadcrumb"},"inLanguage":"fr-FR","potentialAction":[{"@type":"ReadAction","target":["https:\/\/constanceluzzati.com\/index.php\/guides-decoute-2\/"]}]},{"@type":"ImageObject","inLanguage":"fr-FR","@id":"https:\/\/constanceluzzati.com\/index.php\/guides-decoute-2\/#primaryimage","url":"https:\/\/constanceluzzati.com\/wp-content\/uploads\/2023\/02\/Capture-decran-2023-02-02-a-18.11.30.png","contentUrl":"https:\/\/constanceluzzati.com\/wp-content\/uploads\/2023\/02\/Capture-decran-2023-02-02-a-18.11.30.png","width":1514,"height":1112},{"@type":"BreadcrumbList","@id":"https:\/\/constanceluzzati.com\/index.php\/guides-decoute-2\/#breadcrumb","itemListElement":[{"@type":"ListItem","position":1,"name":"Home","item":"https:\/\/constanceluzzati.com\/"},{"@type":"ListItem","position":2,"name":"Guides d&rsquo;\u00e9coute"}]},{"@type":"WebSite","@id":"https:\/\/constanceluzzati.com\/#website","url":"https:\/\/constanceluzzati.com\/","name":"Constance Luzzati","description":"harpiste, musicologue","potentialAction":[{"@type":"SearchAction","target":{"@type":"EntryPoint","urlTemplate":"https:\/\/constanceluzzati.com\/?s={search_term_string}"},"query-input":{"@type":"PropertyValueSpecification","valueRequired":true,"valueName":"search_term_string"}}],"inLanguage":"fr-FR"}]}},"jetpack_sharing_enabled":true,"uagb_featured_image_src":{"full":false,"thumbnail":false,"medium":false,"medium_large":false,"large":false,"1536x1536":false,"2048x2048":false},"uagb_author_info":{"display_name":"cladmin","author_link":"https:\/\/constanceluzzati.com\/index.php\/author\/cladmin\/"},"uagb_comment_info":0,"uagb_excerpt":"Rameau Danse avec les lutins d&rsquo;Henriette Enqu\u00eate au coeur d&rsquo;Erlk\u00f6nig de Schubert, chevauch\u00e9e fantastique Gottes Zeit (BWV 106, artus tragicus) [&hellip;]","_links":{"self":[{"href":"https:\/\/constanceluzzati.com\/index.php\/wp-json\/wp\/v2\/pages\/971"}],"collection":[{"href":"https:\/\/constanceluzzati.com\/index.php\/wp-json\/wp\/v2\/pages"}],"about":[{"href":"https:\/\/constanceluzzati.com\/index.php\/wp-json\/wp\/v2\/types\/page"}],"author":[{"embeddable":true,"href":"https:\/\/constanceluzzati.com\/index.php\/wp-json\/wp\/v2\/users\/1"}],"replies":[{"embeddable":true,"href":"https:\/\/constanceluzzati.com\/index.php\/wp-json\/wp\/v2\/comments?post=971"}],"version-history":[{"count":2,"href":"https:\/\/constanceluzzati.com\/index.php\/wp-json\/wp\/v2\/pages\/971\/revisions"}],"predecessor-version":[{"id":979,"href":"https:\/\/constanceluzzati.com\/index.php\/wp-json\/wp\/v2\/pages\/971\/revisions\/979"}],"wp:attachment":[{"href":"https:\/\/constanceluzzati.com\/index.php\/wp-json\/wp\/v2\/media?parent=971"}],"curies":[{"name":"wp","href":"https:\/\/api.w.org\/{rel}","templated":true}]}}