{"id":676,"date":"2020-12-08T10:31:12","date_gmt":"2020-12-08T09:31:12","guid":{"rendered":"http:\/\/constanceluzzati.com\/?page_id=676"},"modified":"2026-04-04T11:04:09","modified_gmt":"2026-04-04T09:04:09","slug":"textes-et-mediation","status":"publish","type":"page","link":"https:\/\/constanceluzzati.com\/index.php\/textes-et-mediation\/","title":{"rendered":"Textes et m\u00e9diation"},"content":{"rendered":"\n<p>page en cours de reconfiguration<\/p>\n\n\n\n<div style=\"height:40px\" aria-hidden=\"true\" class=\"wp-block-spacer\"><\/div>\n\n\n\n<div class=\"wp-block-uagb-advanced-heading uagb-block-fd97acfd\"><h3 class=\"uagb-heading-text\">Articles &amp; programmes<\/h3><\/div>\n\n\n\n<div class=\"wp-block-uagb-advanced-heading uagb-block-319ec244\"><h4 class=\"uagb-heading-text\">Renaissance<\/h4><\/div>\n\n\n\n<p><a href=\"https:\/\/constanceluzzati.com\/index.php\/2023\/02\/24\/paysages-flamands-arcadie-de-la-diaspora-musicale-au-16e-siecle\/\">Paysages flamands : Arcadie de la diaspora musicale au 16e si\u00e8cle<\/a><\/p>\n\n\n\n<p><a href=\"https:\/\/constanceluzzati.com\/index.php\/2019\/03\/07\/claude-goudimel\/\">Claude Goudimel<\/a><\/p>\n\n\n\n<p><a href=\"https:\/\/constanceluzzati.com\/index.php\/2019\/07\/14\/lagrime-di-san-pietro\/\">Lagrime di san Pietro<\/a><\/p>\n\n\n\n<p>Enigmatique Sibylle<\/p>\n\n\n\n<p><a href=\"https:\/\/constanceluzzati.com\/index.php\/2025\/06\/10\/danger-ou-atout-le-pouvoir-de-la-musique-selon-calvin\/\">Danger ou atout ? Le pouvoir de la musique selon Calvin (1)<\/a><\/p>\n\n\n\n<p><a href=\"https:\/\/constanceluzzati.com\/index.php\/2025\/06\/25\/la-musique-pour-tous-selon-calvin-2\/\">La musique pour tous selon Calvin (2)<\/a><\/p>\n\n\n\n<p><a href=\"https:\/\/constanceluzzati.com\/index.php\/2025\/11\/08\/les-instruments-du-diable-la-musique-selon-calvin-3\/\">Les instruments du diable. La musique selon Calvin (3)<\/a><\/p>\n\n\n\n<div style=\"height:40px\" aria-hidden=\"true\" class=\"wp-block-spacer\"><\/div>\n\n\n\n<div class=\"wp-block-uagb-advanced-heading uagb-block-178467db\"><h4 class=\"uagb-heading-text\">\u00ab\u00a0Baroque\u00a0\u00bb fran\u00e7ais<\/h4><\/div>\n\n\n\n<p><a href=\"https:\/\/constanceluzzati.com\/index.php\/2025\/11\/08\/louis-couperin-clavecin-baroque-francais\/\">Le clavecin de Louis Couperin : un art libre<\/a><\/p>\n\n\n\n<p>Pleurer avec Orph\u00e9e : la musique pour viole de Louis Couperin et ses contemporains<\/p>\n\n\n\n<p><a href=\"https:\/\/constanceluzzati.com\/index.php\/2023\/03\/31\/lecons-tenebres\/\">Charpentier. L&rsquo;humanit\u00e9 dans les t\u00e9n\u00e8bres<\/a><\/p>\n\n\n\n<p><a href=\"https:\/\/constanceluzzati.com\/index.php\/2022\/12\/17\/charpentier-dans-letable-musiques-pour-la-nativite\/\">Un ange dans l&rsquo;\u00e9table : la Nativit\u00e9 selon Charpentier<\/a><\/p>\n\n\n\n<p><a href=\"https:\/\/constanceluzzati.com\/index.php\/2023\/01\/10\/enchanteresses-a-lopera-lhabit-ou-la-baguette-fait-la-magicienne\/\">Enchanteresses : \u00e0 l&rsquo;op\u00e9ra, l&rsquo;habit (ou la baguette) fait la magicienne<\/a><\/p>\n\n\n\n<p><a href=\"https:\/\/constanceluzzati.com\/index.php\/2019\/12\/28\/le-salon-des-miroirs\/\">Le salon des miroirs<\/a><\/p>\n\n\n\n<p><a href=\"https:\/\/constanceluzzati.com\/index.php\/2019\/11\/17\/versailles-reve\/\">Versailles r\u00eav\u00e9<\/a><\/p>\n\n\n\n<p><a href=\"https:\/\/constanceluzzati.com\/index.php\/2019\/11\/16\/le-clavecin-francais-sous-les-doigts-dalexandre-tharaud\/\">Le clavecin fran\u00e7ais sous les doigts d&rsquo;Alexandre Tharaud<\/a><\/p>\n\n\n\n<p><a href=\"https:\/\/constanceluzzati.com\/index.php\/2023\/01\/25\/sonate-que-me-veux-tu\/\">Sonate, que me veux-tu ?<\/a><\/p>\n\n\n\n<p><a href=\"https:\/\/constanceluzzati.com\/index.php\/2023\/01\/19\/gouts-reunis\/\">Les go\u00fbts r\u00e9unis ou l&rsquo;art du violon \u00e0 la fran\u00e7aise<\/a><\/p>\n\n\n\n<p><a href=\"https:\/\/constanceluzzati.com\/index.php\/2022\/11\/28\/cantates-francaises-love-power-dun-coeur-charme\/\">Cantates fran\u00e7aises et Love Power : d&rsquo;un coeur charm\u00e9<\/a><\/p>\n\n\n\n<p>Grand si\u00e8cle. motets<\/p>\n\n\n\n<p>Destin\u00e9es <\/p>\n\n\n\n<p>La Naissance de V\u00e9nus<\/p>\n\n\n\n<p>Elisabeth Jacquet de la Guerre<\/p>\n\n\n\n<p>G\u00e9n\u00e9rations<\/p>\n\n\n\n<p>Le Salon de Chambure<\/p>\n\n\n\n<div style=\"height:40px\" aria-hidden=\"true\" class=\"wp-block-spacer\"><\/div>\n\n\n\n<div class=\"wp-block-uagb-advanced-heading uagb-block-5f3ff61d\"><h4 class=\"uagb-heading-text\">\u00ab\u00a0Baroque\u00a0\u00bb italien<\/h4><\/div>\n\n\n\n<p><a href=\"https:\/\/constanceluzzati.com\/index.php\/2019\/03\/05\/dixit-dominus\/\">Dixit Dominus : Haendel, Galuppi, Vivaldi<\/a><\/p>\n\n\n\n<p><a href=\"https:\/\/constanceluzzati.com\/index.php\/2025\/06\/06\/les-saisons-le-monde-dans-un-violon\/\">Les Saisons : le monde dans un violon<\/a><\/p>\n\n\n\n<p>Nisi dominus<\/p>\n\n\n\n<p>Baroque rivalries<\/p>\n\n\n\n<p>Le Salon des Habsbourg<\/p>\n\n\n\n<p>Stabat Mater<\/p>\n\n\n\n<p><\/p>\n\n\n\n<div style=\"height:40px\" aria-hidden=\"true\" class=\"wp-block-spacer\"><\/div>\n\n\n\n<div class=\"wp-block-uagb-advanced-heading uagb-block-b1ff2a7a\"><h4 class=\"uagb-heading-text\">\u00ab\u00a0Baroque\u00a0\u00bb germanique<\/h4><\/div>\n\n\n\n<p><a href=\"https:\/\/constanceluzzati.com\/index.php\/2019\/03\/07\/membra-jesu-nostri\/\">Buxtehude, Membra Jesu nostri<\/a><\/p>\n\n\n\n<p><a href=\"https:\/\/constanceluzzati.com\/index.php\/2021\/11\/27\/god-save-the-king\/\">God Save the King !<\/a><\/p>\n\n\n\n<p><a href=\"https:\/\/constanceluzzati.com\/index.php\/2019\/03\/05\/dixit-dominus\/\">Dixit Dominus : Haendel, Galuppi, Vivaldi<\/a><\/p>\n\n\n\n<p><a href=\"https:\/\/constanceluzzati.com\/index.php\/2021\/11\/27\/o-temps-suspends-ton-vol\/\">\u00d4 temps ! Suspends ton vol&#8230;<\/a><\/p>\n\n\n\n<p><a href=\"https:\/\/constanceluzzati.com\/index.php\/2021\/11\/26\/lallegro-il-penseroso-ed-il-moderato\/\">L&rsquo;allegro, il penseroso ed il Moderato<\/a><\/p>\n\n\n\n<p><a href=\"https:\/\/constanceluzzati.com\/index.php\/2021\/11\/26\/les-oratorios-de-haendel-airs-et-duos\/\">Les oratorios de Haendel : airs et duos<\/a><\/p>\n\n\n\n<p><a href=\"https:\/\/constanceluzzati.com\/index.php\/2021\/11\/26\/haendel-il-trionfo-del-tempo\/\">Haendel, Il Trionfo del Tempo<\/a><\/p>\n\n\n\n<p><a href=\"https:\/\/constanceluzzati.com\/index.php\/2021\/03\/08\/esther-naissance-de-loratorio-anglais-entre-profane-et-sacre\/\">Esther, naissance de l&rsquo;oratorio anglais, entre profane et sacr\u00e9<\/a><\/p>\n\n\n\n<p><a href=\"https:\/\/constanceluzzati.com\/index.php\/2019\/04\/07\/interpretation-theologique-de-la-cantate-bwv-106-actus-tragicus-de-j-s-bach\/\">Interpr\u00e9tation th\u00e9ologique de la cantate B.W.V. 106, actus tragicus<\/a><\/p>\n\n\n\n<p><a href=\"https:\/\/constanceluzzati.com\/index.php\/2025\/06\/16\/la-grande-audition-de-leipzig-battle-bach\/\">Bach Battle. La grande audition de Leipzig<\/a><\/p>\n\n\n\n<p>Musique pour violon<\/p>\n\n\n\n<p>Solo Bach<\/p>\n\n\n\n<p>De Sch\u00fctz \u00e0 Bach<\/p>\n\n\n\n<p>Messe en si<\/p>\n\n\n\n<p>musiques pour viole<\/p>\n\n\n\n<div style=\"height:40px\" aria-hidden=\"true\" class=\"wp-block-spacer\"><\/div>\n\n\n\n<div class=\"wp-block-uagb-advanced-heading uagb-block-942e1382\"><h4 class=\"uagb-heading-text\">XIX<sup>e<\/sup> si\u00e8cle<\/h4><\/div>\n\n\n\n<p><a href=\"https:\/\/constanceluzzati.com\/index.php\/2019\/06\/03\/hymne-a-la-joie-hymne-europeen\/\">Hymne \u00e0 la joie, hymne europ\u00e9en<\/a><\/p>\n\n\n\n<p><a href=\"https:\/\/constanceluzzati.com\/index.php\/2023\/03\/16\/une-croix-au-pays-des-elfes-musiques-chorales-de-mendelssohn\/\">Une croix au pays des elfes. Musiques chorales de Mendelssohn<\/a><\/p>\n\n\n\n<p><a href=\"https:\/\/constanceluzzati.com\/index.php\/2025\/06\/23\/pour-les-gens-joyeux-le-paradis-et-la-peri-de-schumann\/\">\u00ab\u00a0Pour les gens joyeux\u00a0\u00bb : Le Paradis et la P\u00e9ri de Schumann<\/a><\/p>\n\n\n\n<p>Christ au mont des oliviers<\/p>\n\n\n\n<p>Mahler ironique<\/p>\n\n\n\n<div style=\"height:40px\" aria-hidden=\"true\" class=\"wp-block-spacer\"><\/div>\n\n\n\n<div class=\"wp-block-uagb-advanced-heading uagb-block-473e5d76\"><h4 class=\"uagb-heading-text\">XX<sup>e<\/sup> et XXI<sup>e<\/sup> si\u00e8cles<\/h4><\/div>\n\n\n\n<p><a href=\"https:\/\/constanceluzzati.com\/index.php\/2020\/02\/27\/laccordeon-de-bach-a-piazzolla\/\">L&rsquo;accord\u00e9on, de Bach \u00e0 Piazzola<\/a><\/p>\n\n\n\n<p><a href=\"https:\/\/constanceluzzati.com\/index.php\/2019\/04\/09\/musiques-americaines-barber-bernstein-copland-reich\/\">Musiques am\u00e9ricaines : Barber, Bernstein, Copland, Reich<\/a><\/p>\n\n\n\n<p><a href=\"https:\/\/constanceluzzati.com\/index.php\/2019\/04\/08\/rencontre-du-lied-romantique-avec-le-xxieme-siecle-schubert-cavanna-hersant-en-trio-pour-violon-violoncelle-et-accordeon\/\">Rencontre du Lied romantique avec le XXIe si\u00e8cle<\/a><\/p>\n\n\n\n<p>Ravel. Le Tombeau de Couperin<\/p>\n\n\n\n<p>Caplet, Conte fantastique<\/p>\n\n\n\n<p>Jeanne Leleu<\/p>\n\n\n\n<p>Rita Stohl, Musique vocale<\/p>\n\n\n\n<p>Rita Strohl, Musique de chambre<\/p>\n\n\n\n<p>Rita Strohl, Musique pour orchestre<\/p>\n\n\n\n<p><a href=\"https:\/\/constanceluzzati.com\/index.php\/2026\/04\/04\/une-passion-apres-auschwitz-la-passion-selon-marc-de-michael-levinas\/\">Levinas. La Passion selon Marc &#8211; Une Passion apr\u00e8s Auschwitz<\/a><\/p>\n\n\n\n<div style=\"height:40px\" aria-hidden=\"true\" class=\"wp-block-spacer\"><\/div>\n\n\n\n<div class=\"wp-block-uagb-advanced-heading uagb-block-29ce0327\"><h4 class=\"uagb-heading-text\">Harpe<\/h4><\/div>\n\n\n\n<p><a href=\"https:\/\/constanceluzzati.com\/index.php\/2019\/04\/02\/du-clavecin-vers-la-harpe\/\">Du clavecin vers la harpe, doctorat<\/a><\/p>\n\n\n\n<p><a href=\"https:\/\/constanceluzzati.com\/index.php\/2019\/03\/07\/belle-epoque\/\">Belle \u00e9poque<\/a><\/p>\n\n\n\n<p><a href=\"https:\/\/constanceluzzati.com\/index.php\/2019\/03\/06\/lelaboration-du-repertoire-idiomatique-de-la-harpe-un-chemin-trace-par-la-virtuosite\/\">L&rsquo;\u00e9laboration du r\u00e9pertoire idiomatique de la harpe : un chemin vers la virtuosit\u00e9<\/a><\/p>\n\n\n\n<p>Krumpholtz : breveter au service de l&rsquo;expressivit\u00e9<\/p>\n\n\n\n<p>Concertos<\/p>\n\n\n\n<p>La version Grandjany du concerto de Haendel<\/p>\n\n\n\n<p>La harpe de Marie-Antoinentte<\/p>\n\n\n\n<p>La harpe reine<\/p>\n\n\n\n<p>Grandjany, Automne<\/p>\n\n\n\n<p>Gabriel Faur\u00e9, Impromptu<\/p>\n\n\n\n<p>Hasselmans, Petites pi\u00e8ces<\/p>\n\n\n\n<p>Hasselmans, La source<\/p>\n\n\n\n<p>Un fantastique instrumental<\/p>\n\n\n\n<p>Transcrire la musique baroque \u00e0 la harpe (1)<\/p>\n\n\n\n<p>Transcrire la musique baroque \u00e0 la harpe (2)<\/p>\n\n\n\n<p>Caplet, Conte fantastique<\/p>\n\n\n\n<div style=\"height:80px\" aria-hidden=\"true\" class=\"wp-block-spacer\"><\/div>\n\n\n\n<div class=\"wp-block-uagb-advanced-heading uagb-block-fc5f67a9\"><h3 class=\"uagb-heading-text\">Guides d&rsquo;\u00e9coute<\/h3><\/div>\n\n\n\n<p><a href=\"https:\/\/constanceluzzati.com\/index.php\/2019\/04\/03\/frescobaldi-cento-partite-sopra-passacagli\/\">Frecobaldi, Cento partite sopra Passacagli<\/a><\/p>\n\n\n\n<p><a href=\"https:\/\/constanceluzzati.com\/index.php\/2019\/04\/03\/gottes-zeit-ist-der-allerbeste-zeit-actus-tragicus\/\">Gottes Zeit ist der Alleberstenzeit : Cantate B.W.V 106<\/a><\/p>\n\n\n\n<p><a href=\"https:\/\/constanceluzzati.com\/index.php\/2020\/04\/26\/les-cyclopes-jean-philippe-rameau\/\">Les Cyclopes, dans la forge de Rameau<\/a><\/p>\n\n\n\n<p><a href=\"https:\/\/constanceluzzati.com\/index.php\/2020\/10\/20\/enquete-au-coeur-derlkonig-de-schubert-chevauchee-fantastique\/\">Enqu\u00eate au coeur d&rsquo;Erlk\u00f6nig de Schubert, chevauch\u00e9e fantastique<\/a><\/p>\n\n\n\n<p><a href=\"https:\/\/constanceluzzati.com\/index.php\/2020\/12\/22\/danse-avec-les-lutins-dhenriette-renie\/\">Danse avec les lutins d&rsquo;Henriette<\/a><\/p>\n\n\n\n<p><\/p>\n","protected":false},"excerpt":{"rendered":"<p>page en cours de reconfiguration Articles &amp; programmes Renaissance Paysages flamands : Arcadie de la diaspora musicale au 16e si\u00e8cle [&hellip;]<\/p>\n","protected":false},"author":1,"featured_media":0,"parent":0,"menu_order":0,"comment_status":"closed","ping_status":"closed","template":"","meta":{"_uag_custom_page_level_css":"","_monsterinsights_skip_tracking":false,"_monsterinsights_sitenote_active":false,"_monsterinsights_sitenote_note":"","_monsterinsights_sitenote_category":0,"site-sidebar-layout":"default","site-content-layout":"","ast-site-content-layout":"","site-content-style":"default","site-sidebar-style":"default","ast-global-header-display":"","ast-banner-title-visibility":"","ast-main-header-display":"","ast-hfb-above-header-display":"","ast-hfb-below-header-display":"","ast-hfb-mobile-header-display":"","site-post-title":"","ast-breadcrumbs-content":"","ast-featured-img":"","footer-sml-layout":"","theme-transparent-header-meta":"","adv-header-id-meta":"","stick-header-meta":"","header-above-stick-meta":"","header-main-stick-meta":"","header-below-stick-meta":"","astra-migrate-meta-layouts":"default","ast-page-background-enabled":"default","ast-page-background-meta":{"desktop":{"background-color":"var(--ast-global-color-4)","background-image":"","background-repeat":"repeat","background-position":"center center","background-size":"auto","background-attachment":"scroll","background-type":"","background-media":"","overlay-type":"","overlay-color":"","overlay-opacity":"","overlay-gradient":""},"tablet":{"background-color":"","background-image":"","background-repeat":"repeat","background-position":"center center","background-size":"auto","background-attachment":"scroll","background-type":"","background-media":"","overlay-type":"","overlay-color":"","overlay-opacity":"","overlay-gradient":""},"mobile":{"background-color":"","background-image":"","background-repeat":"repeat","background-position":"center center","background-size":"auto","background-attachment":"scroll","background-type":"","background-media":"","overlay-type":"","overlay-color":"","overlay-opacity":"","overlay-gradient":""}},"ast-content-background-meta":{"desktop":{"background-color":"var(--ast-global-color-5)","background-image":"","background-repeat":"repeat","background-position":"center center","background-size":"auto","background-attachment":"scroll","background-type":"","background-media":"","overlay-type":"","overlay-color":"","overlay-opacity":"","overlay-gradient":""},"tablet":{"background-color":"var(--ast-global-color-5)","background-image":"","background-repeat":"repeat","background-position":"center center","background-size":"auto","background-attachment":"scroll","background-type":"","background-media":"","overlay-type":"","overlay-color":"","overlay-opacity":"","overlay-gradient":""},"mobile":{"background-color":"var(--ast-global-color-5)","background-image":"","background-repeat":"repeat","background-position":"center center","background-size":"auto","background-attachment":"scroll","background-type":"","background-media":"","overlay-type":"","overlay-color":"","overlay-opacity":"","overlay-gradient":""}},"footnotes":""},"class_list":["post-676","page","type-page","status-publish","hentry"],"yoast_head":"<!-- This site is optimized with the Yoast SEO plugin v25.2 - https:\/\/yoast.com\/wordpress\/plugins\/seo\/ -->\n<title>Textes et m\u00e9diation - Constance Luzzati<\/title>\n<meta name=\"robots\" content=\"index, follow, max-snippet:-1, max-image-preview:large, max-video-preview:-1\" \/>\n<link rel=\"canonical\" href=\"https:\/\/constanceluzzati.com\/index.php\/textes-et-mediation\/\" \/>\n<meta property=\"og:locale\" content=\"fr_FR\" \/>\n<meta property=\"og:type\" content=\"article\" \/>\n<meta property=\"og:title\" content=\"Textes et m\u00e9diation - Constance Luzzati\" \/>\n<meta property=\"og:description\" content=\"page en cours de reconfiguration Articles &amp; programmes Renaissance Paysages flamands : Arcadie de la diaspora musicale au 16e si\u00e8cle [&hellip;]\" \/>\n<meta property=\"og:url\" content=\"https:\/\/constanceluzzati.com\/index.php\/textes-et-mediation\/\" \/>\n<meta property=\"og:site_name\" content=\"Constance Luzzati\" \/>\n<meta property=\"article:modified_time\" content=\"2026-04-04T09:04:09+00:00\" \/>\n<meta name=\"twitter:card\" content=\"summary_large_image\" \/>\n<meta name=\"twitter:label1\" content=\"Dur\u00e9e de lecture estim\u00e9e\" \/>\n\t<meta name=\"twitter:data1\" content=\"3 minutes\" \/>\n<script type=\"application\/ld+json\" class=\"yoast-schema-graph\">{\"@context\":\"https:\/\/schema.org\",\"@graph\":[{\"@type\":\"WebPage\",\"@id\":\"https:\/\/constanceluzzati.com\/index.php\/textes-et-mediation\/\",\"url\":\"https:\/\/constanceluzzati.com\/index.php\/textes-et-mediation\/\",\"name\":\"Textes et m\u00e9diation - Constance Luzzati\",\"isPartOf\":{\"@id\":\"https:\/\/constanceluzzati.com\/#website\"},\"datePublished\":\"2020-12-08T09:31:12+00:00\",\"dateModified\":\"2026-04-04T09:04:09+00:00\",\"breadcrumb\":{\"@id\":\"https:\/\/constanceluzzati.com\/index.php\/textes-et-mediation\/#breadcrumb\"},\"inLanguage\":\"fr-FR\",\"potentialAction\":[{\"@type\":\"ReadAction\",\"target\":[\"https:\/\/constanceluzzati.com\/index.php\/textes-et-mediation\/\"]}]},{\"@type\":\"BreadcrumbList\",\"@id\":\"https:\/\/constanceluzzati.com\/index.php\/textes-et-mediation\/#breadcrumb\",\"itemListElement\":[{\"@type\":\"ListItem\",\"position\":1,\"name\":\"Home\",\"item\":\"https:\/\/constanceluzzati.com\/\"},{\"@type\":\"ListItem\",\"position\":2,\"name\":\"Textes et m\u00e9diation\"}]},{\"@type\":\"WebSite\",\"@id\":\"https:\/\/constanceluzzati.com\/#website\",\"url\":\"https:\/\/constanceluzzati.com\/\",\"name\":\"Constance Luzzati\",\"description\":\"harpiste, musicologue\",\"potentialAction\":[{\"@type\":\"SearchAction\",\"target\":{\"@type\":\"EntryPoint\",\"urlTemplate\":\"https:\/\/constanceluzzati.com\/?s={search_term_string}\"},\"query-input\":{\"@type\":\"PropertyValueSpecification\",\"valueRequired\":true,\"valueName\":\"search_term_string\"}}],\"inLanguage\":\"fr-FR\"}]}<\/script>\n<!-- \/ Yoast SEO plugin. -->","yoast_head_json":{"title":"Textes et m\u00e9diation - Constance Luzzati","robots":{"index":"index","follow":"follow","max-snippet":"max-snippet:-1","max-image-preview":"max-image-preview:large","max-video-preview":"max-video-preview:-1"},"canonical":"https:\/\/constanceluzzati.com\/index.php\/textes-et-mediation\/","og_locale":"fr_FR","og_type":"article","og_title":"Textes et m\u00e9diation - Constance Luzzati","og_description":"page en cours de reconfiguration Articles &amp; programmes Renaissance Paysages flamands : Arcadie de la diaspora musicale au 16e si\u00e8cle [&hellip;]","og_url":"https:\/\/constanceluzzati.com\/index.php\/textes-et-mediation\/","og_site_name":"Constance Luzzati","article_modified_time":"2026-04-04T09:04:09+00:00","twitter_card":"summary_large_image","twitter_misc":{"Dur\u00e9e de lecture estim\u00e9e":"3 minutes"},"schema":{"@context":"https:\/\/schema.org","@graph":[{"@type":"WebPage","@id":"https:\/\/constanceluzzati.com\/index.php\/textes-et-mediation\/","url":"https:\/\/constanceluzzati.com\/index.php\/textes-et-mediation\/","name":"Textes et m\u00e9diation - Constance Luzzati","isPartOf":{"@id":"https:\/\/constanceluzzati.com\/#website"},"datePublished":"2020-12-08T09:31:12+00:00","dateModified":"2026-04-04T09:04:09+00:00","breadcrumb":{"@id":"https:\/\/constanceluzzati.com\/index.php\/textes-et-mediation\/#breadcrumb"},"inLanguage":"fr-FR","potentialAction":[{"@type":"ReadAction","target":["https:\/\/constanceluzzati.com\/index.php\/textes-et-mediation\/"]}]},{"@type":"BreadcrumbList","@id":"https:\/\/constanceluzzati.com\/index.php\/textes-et-mediation\/#breadcrumb","itemListElement":[{"@type":"ListItem","position":1,"name":"Home","item":"https:\/\/constanceluzzati.com\/"},{"@type":"ListItem","position":2,"name":"Textes et m\u00e9diation"}]},{"@type":"WebSite","@id":"https:\/\/constanceluzzati.com\/#website","url":"https:\/\/constanceluzzati.com\/","name":"Constance Luzzati","description":"harpiste, musicologue","potentialAction":[{"@type":"SearchAction","target":{"@type":"EntryPoint","urlTemplate":"https:\/\/constanceluzzati.com\/?s={search_term_string}"},"query-input":{"@type":"PropertyValueSpecification","valueRequired":true,"valueName":"search_term_string"}}],"inLanguage":"fr-FR"}]}},"jetpack_sharing_enabled":true,"uagb_featured_image_src":{"full":false,"thumbnail":false,"medium":false,"medium_large":false,"large":false,"1536x1536":false,"2048x2048":false},"uagb_author_info":{"display_name":"cladmin","author_link":"https:\/\/constanceluzzati.com\/index.php\/author\/cladmin\/"},"uagb_comment_info":0,"uagb_excerpt":"page en cours de reconfiguration Articles &amp; programmes Renaissance Paysages flamands : Arcadie de la diaspora musicale au 16e si\u00e8cle [&hellip;]","_links":{"self":[{"href":"https:\/\/constanceluzzati.com\/index.php\/wp-json\/wp\/v2\/pages\/676"}],"collection":[{"href":"https:\/\/constanceluzzati.com\/index.php\/wp-json\/wp\/v2\/pages"}],"about":[{"href":"https:\/\/constanceluzzati.com\/index.php\/wp-json\/wp\/v2\/types\/page"}],"author":[{"embeddable":true,"href":"https:\/\/constanceluzzati.com\/index.php\/wp-json\/wp\/v2\/users\/1"}],"replies":[{"embeddable":true,"href":"https:\/\/constanceluzzati.com\/index.php\/wp-json\/wp\/v2\/comments?post=676"}],"version-history":[{"count":48,"href":"https:\/\/constanceluzzati.com\/index.php\/wp-json\/wp\/v2\/pages\/676\/revisions"}],"predecessor-version":[{"id":10962,"href":"https:\/\/constanceluzzati.com\/index.php\/wp-json\/wp\/v2\/pages\/676\/revisions\/10962"}],"wp:attachment":[{"href":"https:\/\/constanceluzzati.com\/index.php\/wp-json\/wp\/v2\/media?parent=676"}],"curies":[{"name":"wp","href":"https:\/\/api.w.org\/{rel}","templated":true}]}}