{"id":3040,"date":"2023-08-16T14:41:40","date_gmt":"2023-08-16T12:41:40","guid":{"rendered":"https:\/\/constanceluzzati.com\/?page_id=3040"},"modified":"2023-08-16T14:41:42","modified_gmt":"2023-08-16T12:41:42","slug":"enharmonique-programme","status":"publish","type":"page","link":"https:\/\/constanceluzzati.com\/index.php\/programmes-de-concerts-2023-2025\/enharmonique-programme\/","title":{"rendered":"Enharmonique &#8211; programme"},"content":{"rendered":"\n<h2 class=\"has-text-align-center wp-block-heading\">Enharmonique<\/h2>\n\n\n\n<p class=\"has-text-align-center\">Rameau \u00e0 la harpe ne sonne ni comme de la harpe, ni comme du clavecin, mais comme un Rameau non encore entendu. C&rsquo;est \u00e0 la fois la d\u00e9couverte d&rsquo;une nouvelle facette de Rameau, et d&rsquo;une esth\u00e9tique de harpe inou\u00efe, dense, puissante et po\u00e9tique. Chacune des pi\u00e8ces de ces recueils pour clavecin est un joyau : \u00e0 la fois\u00a0<strong>imm\u00e9diatement s\u00e9duisante et agr\u00e9able \u00e0 l\u2019oreille\u00a0<\/strong>ainsi que d\u2019une\u00a0<strong>densit\u00e9 musicale in\u00e9gal\u00e9e<\/strong>. La pens\u00e9e y est concentr\u00e9e : chaque note est n\u00e9cessaire \u00e0 l\u2019\u00e9quilibre de l\u2019ensemble,\u00a0<strong>rien n\u2019y est pr\u00e9sent de mani\u00e8re artificielle ou superflue<\/strong>. La noblesse de l\u2019\u00e9criture rythmique n&rsquo;a d&rsquo;\u00e9gale que la subtilit\u00e9 de l&rsquo;\u00e9vocation po\u00e9tique, l&rsquo;innovation des figures de virtuosit\u00e9 th\u00e9\u00e2trale, ou l&rsquo;<strong>audace de la pens\u00e9e harmonique.<\/strong> <\/p>\n\n\n\n<p class=\"has-text-align-center\">Jouer la musique de clavecin \u00e0 la harpe place l&rsquo;interpr\u00e8te dans une situation diff\u00e9rente que celle g\u00e9n\u00e9r\u00e9e par la musique originale : tout est neuf, le geste demande un engagement physique fort, va parfois chercher les limites de l&rsquo;instrument, comme le font certaines pi\u00e8ces contemporaines. Comme les oeuvres de Rameau en leur temps, elles repoussent ou jouent avec les possibilit\u00e9s harmoniques offertes par la harpe.<\/p>\n\n\n\n<div style=\"height:20px\" aria-hidden=\"true\" class=\"wp-block-spacer\"><\/div>\n\n\n\n<figure class=\"wp-block-image size-large\"><img loading=\"lazy\" decoding=\"async\" width=\"1024\" height=\"768\" src=\"https:\/\/constanceluzzati.com\/wp-content\/uploads\/2023\/07\/Design-sans-titre-edited-1024x768.png\" alt=\"\" class=\"wp-image-2699\" srcset=\"https:\/\/constanceluzzati.com\/wp-content\/uploads\/2023\/07\/Design-sans-titre-edited-1024x768.png 1024w, https:\/\/constanceluzzati.com\/wp-content\/uploads\/2023\/07\/Design-sans-titre-edited-300x225.png 300w, https:\/\/constanceluzzati.com\/wp-content\/uploads\/2023\/07\/Design-sans-titre-edited-768x576.png 768w, https:\/\/constanceluzzati.com\/wp-content\/uploads\/2023\/07\/Design-sans-titre-edited-600x450.png 600w, https:\/\/constanceluzzati.com\/wp-content\/uploads\/2023\/07\/Design-sans-titre-edited.png 1080w\" sizes=\"(max-width: 1024px) 100vw, 1024px\" \/><\/figure>\n\n\n\n<div style=\"height:40px\" aria-hidden=\"true\" class=\"wp-block-spacer\"><\/div>\n\n\n\n<p>Jouer les pi\u00e8ces de clavecin \u00e0 la harpe \u00e9tait exceptionnel au XVIII\u00e8me si\u00e8cle, car r\u00e9serv\u00e9 \u00e0 quelques rares virtuoses.\u00a0<em>Enharmonique\u00a0<\/em>se situe dans la lign\u00e9e de ces interpr\u00e9tations aussi fid\u00e8les que possible au texte original pour clavecin. Il ne s\u2019agit plus alors de transcription, mais bien d\u2019une forme d\u2019interpr\u00e9tation, qui tire profit du changement de couleur instrumentale qu\u2019offre la harpe : les cordes, toujours pinc\u00e9es, r\u00e9sonnent davantage, avec un timbre arrondi qui po\u00e9tise les \u0153uvres \u00e9vocatrices de Rameau.<\/p>\n\n\n\n<p>Jean-Philippe Rameau,\u00a0<em><a href=\"https:\/\/open.spotify.com\/intl-fr\/artist\/4jlTQlzhaOTZWluUFB7dAA\">Suite en mi<\/a><\/em><\/p>\n\n\n\n<p><em>Allemande, Gigue en rondeau, <a href=\"https:\/\/www.youtube.com\/watch?v=V20akk_G8UM\">Le Rappel des oiseaux<\/a>, Tambourin, Villageoise<\/em><\/p>\n\n\n\n<p>Edith Lejet,&nbsp;<em>De lumi\u00e8res et de cieux embras\u00e9s<\/em>&nbsp;(2011)<\/p>\n\n\n\n<p>Jean-Philippe Rameau,&nbsp;<em>Suite en sol<\/em><\/p>\n\n\n\n<p><em>La Dauphine, Menuets, Les Sauvages, L\u2019Enharmonique<\/em><\/p>\n\n\n\n<p>Gilbert Amy,&nbsp;<em>En-harmonies<\/em>&nbsp;(1996)<\/p>\n\n\n\n<p>Philippe Hersant,\u00a0<a href=\"https:\/\/www.youtube.com\/watch?v=fi58QQVlOUM\"><em>Bamyan<\/em>\u00a0<\/a>(2001)<\/p>\n\n\n\n<p>Jean-Philippe Rameau,&nbsp;<em>Suite en r\u00e9<\/em><\/p>\n\n\n\n<p><em>Les Soupirs, La Joyeuse, L\u2019entretien des Muses, <a href=\"https:\/\/www.youtube.com\/watch?v=I5V9UcmNq1Q\">Les Cyclopes<\/a><\/em><\/p>\n\n\n\n<p>Bruno Mantovani,&nbsp;<em>Tocar<\/em>&nbsp;(2006)<\/p>\n\n\n\n<div style=\"height:20px\" aria-hidden=\"true\" class=\"wp-block-spacer\"><\/div>\n\n\n\n<figure class=\"wp-block-pullquote\"><blockquote><p>Constance Luzzati nous fait entendre avec simplicit\u00e9 une fascinante palette de timbres, donnant aux humeurs de Rameau des teintes jusqu&rsquo;ici inaccessibles au clavecin. [&#8230;] Entre les innovations musicales d&rsquo;un Rameau moderniste et une grande ma\u00eetrise technique, Constance Luzzati partage le plaisir sinc\u00e8re d&rsquo;une interpr\u00e9tation r\u00e9invent\u00e9e, laissant esp\u00e9rer une suite.<\/p><cite>Coline ODDOn, Classica<\/cite><\/blockquote><\/figure>\n\n\n\n<div style=\"height:20px\" aria-hidden=\"true\" class=\"wp-block-spacer\"><\/div>\n\n\n\n<p>Fiche technique d\u00e9taill\u00e9e : utiliser le <a href=\"https:\/\/constanceluzzati.com\/index.php\/contact\/\">formulaire de contact<\/a><\/p>\n\n\n\n<p><strong>en concert<\/strong> : Festival Musique en chemin, 13 juillet 2023, La Romieu<\/p>\n\n\n\n<p>                      Showroom Camac, 22 octobre 2023, Paris<\/p>\n\n\n\n<div style=\"height:20px\" aria-hidden=\"true\" class=\"wp-block-spacer\"><\/div>\n","protected":false},"excerpt":{"rendered":"<p>Enharmonique Rameau \u00e0 la harpe ne sonne ni comme de la harpe, ni comme du clavecin, mais comme un Rameau [&hellip;]<\/p>\n","protected":false},"author":1,"featured_media":0,"parent":590,"menu_order":0,"comment_status":"closed","ping_status":"closed","template":"","meta":{"_uag_custom_page_level_css":"","_monsterinsights_skip_tracking":false,"_monsterinsights_sitenote_active":false,"_monsterinsights_sitenote_note":"","_monsterinsights_sitenote_category":0,"site-sidebar-layout":"default","site-content-layout":"","ast-site-content-layout":"","site-content-style":"default","site-sidebar-style":"default","ast-global-header-display":"","ast-banner-title-visibility":"","ast-main-header-display":"","ast-hfb-above-header-display":"","ast-hfb-below-header-display":"","ast-hfb-mobile-header-display":"","site-post-title":"","ast-breadcrumbs-content":"","ast-featured-img":"","footer-sml-layout":"","theme-transparent-header-meta":"","adv-header-id-meta":"","stick-header-meta":"","header-above-stick-meta":"","header-main-stick-meta":"","header-below-stick-meta":"","astra-migrate-meta-layouts":"default","ast-page-background-enabled":"default","ast-page-background-meta":{"desktop":{"background-color":"var(--ast-global-color-4)","background-image":"","background-repeat":"repeat","background-position":"center center","background-size":"auto","background-attachment":"scroll","background-type":"","background-media":"","overlay-type":"","overlay-color":"","overlay-opacity":"","overlay-gradient":""},"tablet":{"background-color":"","background-image":"","background-repeat":"repeat","background-position":"center center","background-size":"auto","background-attachment":"scroll","background-type":"","background-media":"","overlay-type":"","overlay-color":"","overlay-opacity":"","overlay-gradient":""},"mobile":{"background-color":"","background-image":"","background-repeat":"repeat","background-position":"center center","background-size":"auto","background-attachment":"scroll","background-type":"","background-media":"","overlay-type":"","overlay-color":"","overlay-opacity":"","overlay-gradient":""}},"ast-content-background-meta":{"desktop":{"background-color":"var(--ast-global-color-5)","background-image":"","background-repeat":"repeat","background-position":"center center","background-size":"auto","background-attachment":"scroll","background-type":"","background-media":"","overlay-type":"","overlay-color":"","overlay-opacity":"","overlay-gradient":""},"tablet":{"background-color":"var(--ast-global-color-5)","background-image":"","background-repeat":"repeat","background-position":"center center","background-size":"auto","background-attachment":"scroll","background-type":"","background-media":"","overlay-type":"","overlay-color":"","overlay-opacity":"","overlay-gradient":""},"mobile":{"background-color":"var(--ast-global-color-5)","background-image":"","background-repeat":"repeat","background-position":"center center","background-size":"auto","background-attachment":"scroll","background-type":"","background-media":"","overlay-type":"","overlay-color":"","overlay-opacity":"","overlay-gradient":""}},"footnotes":""},"class_list":["post-3040","page","type-page","status-publish","hentry"],"yoast_head":"<!-- This site is optimized with the Yoast SEO plugin v25.2 - https:\/\/yoast.com\/wordpress\/plugins\/seo\/ -->\n<title>Enharmonique - programme - Constance Luzzati<\/title>\n<meta name=\"robots\" content=\"index, follow, max-snippet:-1, max-image-preview:large, max-video-preview:-1\" \/>\n<link rel=\"canonical\" href=\"https:\/\/constanceluzzati.com\/index.php\/programmes-de-concerts-2023-2025\/enharmonique-programme\/\" \/>\n<meta property=\"og:locale\" content=\"fr_FR\" \/>\n<meta property=\"og:type\" content=\"article\" \/>\n<meta property=\"og:title\" content=\"Enharmonique - programme - Constance Luzzati\" \/>\n<meta property=\"og:description\" content=\"Enharmonique Rameau \u00e0 la harpe ne sonne ni comme de la harpe, ni comme du clavecin, mais comme un Rameau [&hellip;]\" \/>\n<meta property=\"og:url\" content=\"https:\/\/constanceluzzati.com\/index.php\/programmes-de-concerts-2023-2025\/enharmonique-programme\/\" \/>\n<meta property=\"og:site_name\" content=\"Constance Luzzati\" \/>\n<meta property=\"article:modified_time\" content=\"2023-08-16T12:41:42+00:00\" \/>\n<meta property=\"og:image\" content=\"https:\/\/constanceluzzati.com\/wp-content\/uploads\/2023\/07\/Design-sans-titre-edited-1024x768.png\" \/>\n<meta name=\"twitter:card\" content=\"summary_large_image\" \/>\n<meta name=\"twitter:label1\" content=\"Dur\u00e9e de lecture estim\u00e9e\" \/>\n\t<meta name=\"twitter:data1\" content=\"3 minutes\" \/>\n<script type=\"application\/ld+json\" class=\"yoast-schema-graph\">{\"@context\":\"https:\/\/schema.org\",\"@graph\":[{\"@type\":\"WebPage\",\"@id\":\"https:\/\/constanceluzzati.com\/index.php\/programmes-de-concerts-2023-2025\/enharmonique-programme\/\",\"url\":\"https:\/\/constanceluzzati.com\/index.php\/programmes-de-concerts-2023-2025\/enharmonique-programme\/\",\"name\":\"Enharmonique - programme - Constance Luzzati\",\"isPartOf\":{\"@id\":\"https:\/\/constanceluzzati.com\/#website\"},\"primaryImageOfPage\":{\"@id\":\"https:\/\/constanceluzzati.com\/index.php\/programmes-de-concerts-2023-2025\/enharmonique-programme\/#primaryimage\"},\"image\":{\"@id\":\"https:\/\/constanceluzzati.com\/index.php\/programmes-de-concerts-2023-2025\/enharmonique-programme\/#primaryimage\"},\"thumbnailUrl\":\"https:\/\/constanceluzzati.com\/wp-content\/uploads\/2023\/07\/Design-sans-titre-edited-1024x768.png\",\"datePublished\":\"2023-08-16T12:41:40+00:00\",\"dateModified\":\"2023-08-16T12:41:42+00:00\",\"breadcrumb\":{\"@id\":\"https:\/\/constanceluzzati.com\/index.php\/programmes-de-concerts-2023-2025\/enharmonique-programme\/#breadcrumb\"},\"inLanguage\":\"fr-FR\",\"potentialAction\":[{\"@type\":\"ReadAction\",\"target\":[\"https:\/\/constanceluzzati.com\/index.php\/programmes-de-concerts-2023-2025\/enharmonique-programme\/\"]}]},{\"@type\":\"ImageObject\",\"inLanguage\":\"fr-FR\",\"@id\":\"https:\/\/constanceluzzati.com\/index.php\/programmes-de-concerts-2023-2025\/enharmonique-programme\/#primaryimage\",\"url\":\"https:\/\/constanceluzzati.com\/wp-content\/uploads\/2023\/07\/Design-sans-titre-edited.png\",\"contentUrl\":\"https:\/\/constanceluzzati.com\/wp-content\/uploads\/2023\/07\/Design-sans-titre-edited.png\",\"width\":1080,\"height\":810},{\"@type\":\"BreadcrumbList\",\"@id\":\"https:\/\/constanceluzzati.com\/index.php\/programmes-de-concerts-2023-2025\/enharmonique-programme\/#breadcrumb\",\"itemListElement\":[{\"@type\":\"ListItem\",\"position\":1,\"name\":\"Home\",\"item\":\"https:\/\/constanceluzzati.com\/\"},{\"@type\":\"ListItem\",\"position\":2,\"name\":\"Programmes de concerts 2024-2026\",\"item\":\"https:\/\/constanceluzzati.com\/index.php\/programmes-de-concerts-2023-2025\/\"},{\"@type\":\"ListItem\",\"position\":3,\"name\":\"Enharmonique &#8211; programme\"}]},{\"@type\":\"WebSite\",\"@id\":\"https:\/\/constanceluzzati.com\/#website\",\"url\":\"https:\/\/constanceluzzati.com\/\",\"name\":\"Constance Luzzati\",\"description\":\"harpiste, musicologue\",\"potentialAction\":[{\"@type\":\"SearchAction\",\"target\":{\"@type\":\"EntryPoint\",\"urlTemplate\":\"https:\/\/constanceluzzati.com\/?s={search_term_string}\"},\"query-input\":{\"@type\":\"PropertyValueSpecification\",\"valueRequired\":true,\"valueName\":\"search_term_string\"}}],\"inLanguage\":\"fr-FR\"}]}<\/script>\n<!-- \/ Yoast SEO plugin. -->","yoast_head_json":{"title":"Enharmonique - programme - Constance Luzzati","robots":{"index":"index","follow":"follow","max-snippet":"max-snippet:-1","max-image-preview":"max-image-preview:large","max-video-preview":"max-video-preview:-1"},"canonical":"https:\/\/constanceluzzati.com\/index.php\/programmes-de-concerts-2023-2025\/enharmonique-programme\/","og_locale":"fr_FR","og_type":"article","og_title":"Enharmonique - programme - Constance Luzzati","og_description":"Enharmonique Rameau \u00e0 la harpe ne sonne ni comme de la harpe, ni comme du clavecin, mais comme un Rameau [&hellip;]","og_url":"https:\/\/constanceluzzati.com\/index.php\/programmes-de-concerts-2023-2025\/enharmonique-programme\/","og_site_name":"Constance Luzzati","article_modified_time":"2023-08-16T12:41:42+00:00","og_image":[{"url":"https:\/\/constanceluzzati.com\/wp-content\/uploads\/2023\/07\/Design-sans-titre-edited-1024x768.png","type":"","width":"","height":""}],"twitter_card":"summary_large_image","twitter_misc":{"Dur\u00e9e de lecture estim\u00e9e":"3 minutes"},"schema":{"@context":"https:\/\/schema.org","@graph":[{"@type":"WebPage","@id":"https:\/\/constanceluzzati.com\/index.php\/programmes-de-concerts-2023-2025\/enharmonique-programme\/","url":"https:\/\/constanceluzzati.com\/index.php\/programmes-de-concerts-2023-2025\/enharmonique-programme\/","name":"Enharmonique - programme - Constance Luzzati","isPartOf":{"@id":"https:\/\/constanceluzzati.com\/#website"},"primaryImageOfPage":{"@id":"https:\/\/constanceluzzati.com\/index.php\/programmes-de-concerts-2023-2025\/enharmonique-programme\/#primaryimage"},"image":{"@id":"https:\/\/constanceluzzati.com\/index.php\/programmes-de-concerts-2023-2025\/enharmonique-programme\/#primaryimage"},"thumbnailUrl":"https:\/\/constanceluzzati.com\/wp-content\/uploads\/2023\/07\/Design-sans-titre-edited-1024x768.png","datePublished":"2023-08-16T12:41:40+00:00","dateModified":"2023-08-16T12:41:42+00:00","breadcrumb":{"@id":"https:\/\/constanceluzzati.com\/index.php\/programmes-de-concerts-2023-2025\/enharmonique-programme\/#breadcrumb"},"inLanguage":"fr-FR","potentialAction":[{"@type":"ReadAction","target":["https:\/\/constanceluzzati.com\/index.php\/programmes-de-concerts-2023-2025\/enharmonique-programme\/"]}]},{"@type":"ImageObject","inLanguage":"fr-FR","@id":"https:\/\/constanceluzzati.com\/index.php\/programmes-de-concerts-2023-2025\/enharmonique-programme\/#primaryimage","url":"https:\/\/constanceluzzati.com\/wp-content\/uploads\/2023\/07\/Design-sans-titre-edited.png","contentUrl":"https:\/\/constanceluzzati.com\/wp-content\/uploads\/2023\/07\/Design-sans-titre-edited.png","width":1080,"height":810},{"@type":"BreadcrumbList","@id":"https:\/\/constanceluzzati.com\/index.php\/programmes-de-concerts-2023-2025\/enharmonique-programme\/#breadcrumb","itemListElement":[{"@type":"ListItem","position":1,"name":"Home","item":"https:\/\/constanceluzzati.com\/"},{"@type":"ListItem","position":2,"name":"Programmes de concerts 2024-2026","item":"https:\/\/constanceluzzati.com\/index.php\/programmes-de-concerts-2023-2025\/"},{"@type":"ListItem","position":3,"name":"Enharmonique &#8211; programme"}]},{"@type":"WebSite","@id":"https:\/\/constanceluzzati.com\/#website","url":"https:\/\/constanceluzzati.com\/","name":"Constance Luzzati","description":"harpiste, musicologue","potentialAction":[{"@type":"SearchAction","target":{"@type":"EntryPoint","urlTemplate":"https:\/\/constanceluzzati.com\/?s={search_term_string}"},"query-input":{"@type":"PropertyValueSpecification","valueRequired":true,"valueName":"search_term_string"}}],"inLanguage":"fr-FR"}]}},"jetpack_sharing_enabled":true,"uagb_featured_image_src":{"full":false,"thumbnail":false,"medium":false,"medium_large":false,"large":false,"1536x1536":false,"2048x2048":false},"uagb_author_info":{"display_name":"cladmin","author_link":"https:\/\/constanceluzzati.com\/index.php\/author\/cladmin\/"},"uagb_comment_info":0,"uagb_excerpt":"Enharmonique Rameau \u00e0 la harpe ne sonne ni comme de la harpe, ni comme du clavecin, mais comme un Rameau [&hellip;]","_links":{"self":[{"href":"https:\/\/constanceluzzati.com\/index.php\/wp-json\/wp\/v2\/pages\/3040"}],"collection":[{"href":"https:\/\/constanceluzzati.com\/index.php\/wp-json\/wp\/v2\/pages"}],"about":[{"href":"https:\/\/constanceluzzati.com\/index.php\/wp-json\/wp\/v2\/types\/page"}],"author":[{"embeddable":true,"href":"https:\/\/constanceluzzati.com\/index.php\/wp-json\/wp\/v2\/users\/1"}],"replies":[{"embeddable":true,"href":"https:\/\/constanceluzzati.com\/index.php\/wp-json\/wp\/v2\/comments?post=3040"}],"version-history":[{"count":1,"href":"https:\/\/constanceluzzati.com\/index.php\/wp-json\/wp\/v2\/pages\/3040\/revisions"}],"predecessor-version":[{"id":3041,"href":"https:\/\/constanceluzzati.com\/index.php\/wp-json\/wp\/v2\/pages\/3040\/revisions\/3041"}],"up":[{"embeddable":true,"href":"https:\/\/constanceluzzati.com\/index.php\/wp-json\/wp\/v2\/pages\/590"}],"wp:attachment":[{"href":"https:\/\/constanceluzzati.com\/index.php\/wp-json\/wp\/v2\/media?parent=3040"}],"curies":[{"name":"wp","href":"https:\/\/api.w.org\/{rel}","templated":true}]}}