{"id":188,"date":"2019-04-02T17:22:31","date_gmt":"2019-04-02T15:22:31","guid":{"rendered":"http:\/\/constanceluzzati.com\/?page_id=188"},"modified":"2023-02-02T22:19:31","modified_gmt":"2023-02-02T21:19:31","slug":"guides-decoute","status":"publish","type":"page","link":"https:\/\/constanceluzzati.com\/index.php\/guides-decoute\/","title":{"rendered":"Enharmonique : guides d&rsquo;\u00e9coute"},"content":{"rendered":"\n<h2 class=\"wp-block-heading\">Les cyclopes, dans la forge de Rameau<\/h2>\n\n\n\n<figure class=\"wp-block-gallery has-nested-images columns-default is-cropped wp-block-gallery-1 is-layout-flex wp-block-gallery-is-layout-flex\">\n<figure class=\"wp-block-image size-large\"><a href=\"https:\/\/constanceluzzati.com\/index.php\/2020\/04\/26\/les-cyclopes-jean-philippe-rameau\/\" target=\"_blank\" rel=\"noreferrer noopener\"><img loading=\"lazy\" decoding=\"async\" width=\"1024\" height=\"684\" data-id=\"950\" src=\"http:\/\/constanceluzzati.com\/wp-content\/uploads\/2023\/01\/Capture-decran-2023-01-31-a-15.32.33-1024x684.png\" alt=\"\" class=\"wp-image-950\" srcset=\"https:\/\/constanceluzzati.com\/wp-content\/uploads\/2023\/01\/Capture-decran-2023-01-31-a-15.32.33-1024x684.png 1024w, https:\/\/constanceluzzati.com\/wp-content\/uploads\/2023\/01\/Capture-decran-2023-01-31-a-15.32.33-300x200.png 300w, https:\/\/constanceluzzati.com\/wp-content\/uploads\/2023\/01\/Capture-decran-2023-01-31-a-15.32.33-768x513.png 768w, https:\/\/constanceluzzati.com\/wp-content\/uploads\/2023\/01\/Capture-decran-2023-01-31-a-15.32.33-1536x1026.png 1536w, https:\/\/constanceluzzati.com\/wp-content\/uploads\/2023\/01\/Capture-decran-2023-01-31-a-15.32.33-600x401.png 600w, https:\/\/constanceluzzati.com\/wp-content\/uploads\/2023\/01\/Capture-decran-2023-01-31-a-15.32.33.png 1596w\" sizes=\"(max-width: 1024px) 100vw, 1024px\" \/><\/a><\/figure>\n<\/figure>\n\n\n\n<p><\/p>\n\n\n\n<h2 class=\"wp-block-heading\">Les Sauvages<\/h2>\n\n\n\n<p class=\"has-black-color has-text-color\">\u00e0 d\u00e9couvrir le 17 mars<\/p>\n\n\n\n<p><\/p>\n\n\n\n<p><\/p>\n\n\n\n<h2 class=\"wp-block-heading\">Autres guides d&rsquo;\u00e9coute<\/h2>\n\n\n\n<p><a href=\"http:\/\/constanceluzzati.com\/index.php\/2020\/12\/22\/danse-avec-les-lutins-dhenriette-renie\/\">Danse avec les lutins<\/a> d&rsquo;Henriette<\/p>\n\n\n\n<p><a href=\"http:\/\/constanceluzzati.com\/index.php\/2020\/10\/20\/enquete-au-coeur-derlkonig-de-schubert-chevauchee-fantastique\/\">Enqu\u00eate au coeur d&rsquo;Erlk\u00f6nig <\/a>de Schubert, chevauch\u00e9e fantastique<\/p>\n\n\n\n<p><a href=\"http:\/\/constanceluzzati.com\/index.php\/2019\/04\/03\/gottes-zeit-ist-der-allerbeste-zeit-actus-tragicus\/\">Gottes Zeit ist die allerbeste Zeit<\/a> (BWV 106, Actus tragicus)<\/p>\n","protected":false},"excerpt":{"rendered":"<p>Les cyclopes, dans la forge de Rameau Les Sauvages \u00e0 d\u00e9couvrir le 17 mars Autres guides d&rsquo;\u00e9coute Danse avec les [&hellip;]<\/p>\n","protected":false},"author":1,"featured_media":0,"parent":0,"menu_order":0,"comment_status":"closed","ping_status":"closed","template":"","meta":{"_uag_custom_page_level_css":"","_monsterinsights_skip_tracking":false,"_monsterinsights_sitenote_active":false,"_monsterinsights_sitenote_note":"","_monsterinsights_sitenote_category":0,"site-sidebar-layout":"default","site-content-layout":"","ast-site-content-layout":"","site-content-style":"default","site-sidebar-style":"default","ast-global-header-display":"","ast-banner-title-visibility":"","ast-main-header-display":"","ast-hfb-above-header-display":"","ast-hfb-below-header-display":"","ast-hfb-mobile-header-display":"","site-post-title":"","ast-breadcrumbs-content":"","ast-featured-img":"","footer-sml-layout":"","theme-transparent-header-meta":"","adv-header-id-meta":"","stick-header-meta":"","header-above-stick-meta":"","header-main-stick-meta":"","header-below-stick-meta":"","astra-migrate-meta-layouts":"default","ast-page-background-enabled":"default","ast-page-background-meta":{"desktop":{"background-color":"var(--ast-global-color-4)","background-image":"","background-repeat":"repeat","background-position":"center center","background-size":"auto","background-attachment":"scroll","background-type":"","background-media":"","overlay-type":"","overlay-color":"","overlay-opacity":"","overlay-gradient":""},"tablet":{"background-color":"","background-image":"","background-repeat":"repeat","background-position":"center center","background-size":"auto","background-attachment":"scroll","background-type":"","background-media":"","overlay-type":"","overlay-color":"","overlay-opacity":"","overlay-gradient":""},"mobile":{"background-color":"","background-image":"","background-repeat":"repeat","background-position":"center center","background-size":"auto","background-attachment":"scroll","background-type":"","background-media":"","overlay-type":"","overlay-color":"","overlay-opacity":"","overlay-gradient":""}},"ast-content-background-meta":{"desktop":{"background-color":"var(--ast-global-color-5)","background-image":"","background-repeat":"repeat","background-position":"center center","background-size":"auto","background-attachment":"scroll","background-type":"","background-media":"","overlay-type":"","overlay-color":"","overlay-opacity":"","overlay-gradient":""},"tablet":{"background-color":"var(--ast-global-color-5)","background-image":"","background-repeat":"repeat","background-position":"center center","background-size":"auto","background-attachment":"scroll","background-type":"","background-media":"","overlay-type":"","overlay-color":"","overlay-opacity":"","overlay-gradient":""},"mobile":{"background-color":"var(--ast-global-color-5)","background-image":"","background-repeat":"repeat","background-position":"center center","background-size":"auto","background-attachment":"scroll","background-type":"","background-media":"","overlay-type":"","overlay-color":"","overlay-opacity":"","overlay-gradient":""}},"footnotes":""},"class_list":["post-188","page","type-page","status-publish","hentry"],"yoast_head":"<!-- This site is optimized with the Yoast SEO plugin v25.2 - https:\/\/yoast.com\/wordpress\/plugins\/seo\/ -->\n<title>Enharmonique : guides d&#039;\u00e9coute - Constance Luzzati<\/title>\n<meta name=\"robots\" content=\"index, follow, max-snippet:-1, max-image-preview:large, max-video-preview:-1\" \/>\n<link rel=\"canonical\" href=\"https:\/\/constanceluzzati.com\/index.php\/guides-decoute\/\" \/>\n<meta property=\"og:locale\" content=\"fr_FR\" \/>\n<meta property=\"og:type\" content=\"article\" \/>\n<meta property=\"og:title\" content=\"Enharmonique : guides d&#039;\u00e9coute - Constance Luzzati\" \/>\n<meta property=\"og:description\" content=\"Les cyclopes, dans la forge de Rameau Les Sauvages \u00e0 d\u00e9couvrir le 17 mars Autres guides d&rsquo;\u00e9coute Danse avec les [&hellip;]\" \/>\n<meta property=\"og:url\" content=\"https:\/\/constanceluzzati.com\/index.php\/guides-decoute\/\" \/>\n<meta property=\"og:site_name\" content=\"Constance Luzzati\" \/>\n<meta property=\"article:modified_time\" content=\"2023-02-02T21:19:31+00:00\" \/>\n<meta property=\"og:image\" content=\"http:\/\/constanceluzzati.com\/wp-content\/uploads\/2023\/01\/Capture-decran-2023-01-31-a-15.32.33-1024x684.png\" \/>\n<meta name=\"twitter:card\" content=\"summary_large_image\" \/>\n<meta name=\"twitter:label1\" content=\"Dur\u00e9e de lecture estim\u00e9e\" \/>\n\t<meta name=\"twitter:data1\" content=\"1 minute\" \/>\n<script type=\"application\/ld+json\" class=\"yoast-schema-graph\">{\"@context\":\"https:\/\/schema.org\",\"@graph\":[{\"@type\":\"WebPage\",\"@id\":\"https:\/\/constanceluzzati.com\/index.php\/guides-decoute\/\",\"url\":\"https:\/\/constanceluzzati.com\/index.php\/guides-decoute\/\",\"name\":\"Enharmonique : guides d'\u00e9coute - Constance Luzzati\",\"isPartOf\":{\"@id\":\"https:\/\/constanceluzzati.com\/#website\"},\"primaryImageOfPage\":{\"@id\":\"https:\/\/constanceluzzati.com\/index.php\/guides-decoute\/#primaryimage\"},\"image\":{\"@id\":\"https:\/\/constanceluzzati.com\/index.php\/guides-decoute\/#primaryimage\"},\"thumbnailUrl\":\"http:\/\/constanceluzzati.com\/wp-content\/uploads\/2023\/01\/Capture-decran-2023-01-31-a-15.32.33-1024x684.png\",\"datePublished\":\"2019-04-02T15:22:31+00:00\",\"dateModified\":\"2023-02-02T21:19:31+00:00\",\"breadcrumb\":{\"@id\":\"https:\/\/constanceluzzati.com\/index.php\/guides-decoute\/#breadcrumb\"},\"inLanguage\":\"fr-FR\",\"potentialAction\":[{\"@type\":\"ReadAction\",\"target\":[\"https:\/\/constanceluzzati.com\/index.php\/guides-decoute\/\"]}]},{\"@type\":\"ImageObject\",\"inLanguage\":\"fr-FR\",\"@id\":\"https:\/\/constanceluzzati.com\/index.php\/guides-decoute\/#primaryimage\",\"url\":\"http:\/\/constanceluzzati.com\/wp-content\/uploads\/2023\/01\/Capture-decran-2023-01-31-a-15.32.33-1024x684.png\",\"contentUrl\":\"http:\/\/constanceluzzati.com\/wp-content\/uploads\/2023\/01\/Capture-decran-2023-01-31-a-15.32.33-1024x684.png\"},{\"@type\":\"BreadcrumbList\",\"@id\":\"https:\/\/constanceluzzati.com\/index.php\/guides-decoute\/#breadcrumb\",\"itemListElement\":[{\"@type\":\"ListItem\",\"position\":1,\"name\":\"Home\",\"item\":\"https:\/\/constanceluzzati.com\/\"},{\"@type\":\"ListItem\",\"position\":2,\"name\":\"Enharmonique : guides d&rsquo;\u00e9coute\"}]},{\"@type\":\"WebSite\",\"@id\":\"https:\/\/constanceluzzati.com\/#website\",\"url\":\"https:\/\/constanceluzzati.com\/\",\"name\":\"Constance Luzzati\",\"description\":\"harpiste, musicologue\",\"potentialAction\":[{\"@type\":\"SearchAction\",\"target\":{\"@type\":\"EntryPoint\",\"urlTemplate\":\"https:\/\/constanceluzzati.com\/?s={search_term_string}\"},\"query-input\":{\"@type\":\"PropertyValueSpecification\",\"valueRequired\":true,\"valueName\":\"search_term_string\"}}],\"inLanguage\":\"fr-FR\"}]}<\/script>\n<!-- \/ Yoast SEO plugin. -->","yoast_head_json":{"title":"Enharmonique : guides d'\u00e9coute - Constance Luzzati","robots":{"index":"index","follow":"follow","max-snippet":"max-snippet:-1","max-image-preview":"max-image-preview:large","max-video-preview":"max-video-preview:-1"},"canonical":"https:\/\/constanceluzzati.com\/index.php\/guides-decoute\/","og_locale":"fr_FR","og_type":"article","og_title":"Enharmonique : guides d'\u00e9coute - Constance Luzzati","og_description":"Les cyclopes, dans la forge de Rameau Les Sauvages \u00e0 d\u00e9couvrir le 17 mars Autres guides d&rsquo;\u00e9coute Danse avec les [&hellip;]","og_url":"https:\/\/constanceluzzati.com\/index.php\/guides-decoute\/","og_site_name":"Constance Luzzati","article_modified_time":"2023-02-02T21:19:31+00:00","og_image":[{"url":"http:\/\/constanceluzzati.com\/wp-content\/uploads\/2023\/01\/Capture-decran-2023-01-31-a-15.32.33-1024x684.png","type":"","width":"","height":""}],"twitter_card":"summary_large_image","twitter_misc":{"Dur\u00e9e de lecture estim\u00e9e":"1 minute"},"schema":{"@context":"https:\/\/schema.org","@graph":[{"@type":"WebPage","@id":"https:\/\/constanceluzzati.com\/index.php\/guides-decoute\/","url":"https:\/\/constanceluzzati.com\/index.php\/guides-decoute\/","name":"Enharmonique : guides d'\u00e9coute - Constance Luzzati","isPartOf":{"@id":"https:\/\/constanceluzzati.com\/#website"},"primaryImageOfPage":{"@id":"https:\/\/constanceluzzati.com\/index.php\/guides-decoute\/#primaryimage"},"image":{"@id":"https:\/\/constanceluzzati.com\/index.php\/guides-decoute\/#primaryimage"},"thumbnailUrl":"http:\/\/constanceluzzati.com\/wp-content\/uploads\/2023\/01\/Capture-decran-2023-01-31-a-15.32.33-1024x684.png","datePublished":"2019-04-02T15:22:31+00:00","dateModified":"2023-02-02T21:19:31+00:00","breadcrumb":{"@id":"https:\/\/constanceluzzati.com\/index.php\/guides-decoute\/#breadcrumb"},"inLanguage":"fr-FR","potentialAction":[{"@type":"ReadAction","target":["https:\/\/constanceluzzati.com\/index.php\/guides-decoute\/"]}]},{"@type":"ImageObject","inLanguage":"fr-FR","@id":"https:\/\/constanceluzzati.com\/index.php\/guides-decoute\/#primaryimage","url":"http:\/\/constanceluzzati.com\/wp-content\/uploads\/2023\/01\/Capture-decran-2023-01-31-a-15.32.33-1024x684.png","contentUrl":"http:\/\/constanceluzzati.com\/wp-content\/uploads\/2023\/01\/Capture-decran-2023-01-31-a-15.32.33-1024x684.png"},{"@type":"BreadcrumbList","@id":"https:\/\/constanceluzzati.com\/index.php\/guides-decoute\/#breadcrumb","itemListElement":[{"@type":"ListItem","position":1,"name":"Home","item":"https:\/\/constanceluzzati.com\/"},{"@type":"ListItem","position":2,"name":"Enharmonique : guides d&rsquo;\u00e9coute"}]},{"@type":"WebSite","@id":"https:\/\/constanceluzzati.com\/#website","url":"https:\/\/constanceluzzati.com\/","name":"Constance Luzzati","description":"harpiste, musicologue","potentialAction":[{"@type":"SearchAction","target":{"@type":"EntryPoint","urlTemplate":"https:\/\/constanceluzzati.com\/?s={search_term_string}"},"query-input":{"@type":"PropertyValueSpecification","valueRequired":true,"valueName":"search_term_string"}}],"inLanguage":"fr-FR"}]}},"jetpack_sharing_enabled":true,"uagb_featured_image_src":{"full":false,"thumbnail":false,"medium":false,"medium_large":false,"large":false,"1536x1536":false,"2048x2048":false},"uagb_author_info":{"display_name":"cladmin","author_link":"https:\/\/constanceluzzati.com\/index.php\/author\/cladmin\/"},"uagb_comment_info":0,"uagb_excerpt":"Les cyclopes, dans la forge de Rameau Les Sauvages \u00e0 d\u00e9couvrir le 17 mars Autres guides d&rsquo;\u00e9coute Danse avec les [&hellip;]","_links":{"self":[{"href":"https:\/\/constanceluzzati.com\/index.php\/wp-json\/wp\/v2\/pages\/188"}],"collection":[{"href":"https:\/\/constanceluzzati.com\/index.php\/wp-json\/wp\/v2\/pages"}],"about":[{"href":"https:\/\/constanceluzzati.com\/index.php\/wp-json\/wp\/v2\/types\/page"}],"author":[{"embeddable":true,"href":"https:\/\/constanceluzzati.com\/index.php\/wp-json\/wp\/v2\/users\/1"}],"replies":[{"embeddable":true,"href":"https:\/\/constanceluzzati.com\/index.php\/wp-json\/wp\/v2\/comments?post=188"}],"version-history":[{"count":4,"href":"https:\/\/constanceluzzati.com\/index.php\/wp-json\/wp\/v2\/pages\/188\/revisions"}],"predecessor-version":[{"id":978,"href":"https:\/\/constanceluzzati.com\/index.php\/wp-json\/wp\/v2\/pages\/188\/revisions\/978"}],"wp:attachment":[{"href":"https:\/\/constanceluzzati.com\/index.php\/wp-json\/wp\/v2\/media?parent=188"}],"curies":[{"name":"wp","href":"https:\/\/api.w.org\/{rel}","templated":true}]}}